 is the highest common factor of j and 4?
4
Let a be 18/7 + (-9)/21*-1. What is the greatest common factor of 1 and a?
1
Suppose -4*x = -6*x + 180. Suppose -3*a = 5*d - 25, 4*a = -3*d + 17 + 20. Calculate the highest common factor of x and a.
10
Let r(d) = d**2 - 7*d + 4. Let b be r(7). Suppose 5*n = x + 8, 5*n - 16 = -b*x + n. What is the greatest common factor of x and 6?
2
Suppose -2*d + f + 4 + 6 = 0, -5*d + 3*f = -26. Calculate the greatest common factor of 20 and d.
4
Let c(x) = x**3 + 6*x**2 - x + 1. Let g be c(-6). Suppose 4 + g = b. Suppose -b = -5*y + 4. Calculate the highest common divisor of y and 33.
3
Suppose -4*b - 43 = -3*x, -35 = -0*x - 3*x - 4*b. Calculate the greatest common divisor of 52 and x.
13
Let c = 10 + -6. What is the greatest common divisor of c and 16?
4
Let j(v) = -v + 11. Let c be j(-10). Calculate the greatest common divisor of c and 21.
21
Let m = 108 + -18. Let v be (6 + -1)*252/m. Calculate the greatest common factor of 21 and v.
7
Let o = 125 - 113. What is the greatest common divisor of 48 and o?
12
Let s be 49 + (10 - 2) + -5. What is the greatest common factor of s and 182?
26
Let g = 86 + -22. Suppose 5*t - g = -3*t. Suppose -41 = -2*b + 7. What is the greatest common divisor of b and t?
8
Suppose u + c - 13 = 4*c, -5*c - 31 = -3*u. Suppose 0 = l - 4 - 1, -4*z - 2*l + 234 = 0. Calculate the highest common factor of u and z.
7
Let x be -1*2 - 4/(-2). Suppose -4*l - 2*t + 58 = x, 2*l - 19 = -2*t + 3*t. What is the highest common factor of l and 60?
12
Suppose -5*y + 22 = -2*d, -4*d - 18 = 4*y + 26. Let w = 74 - d. What is the highest common divisor of 17 and w?
17
Let u(n) = -n**2 - 2*n + 27. Let p be u(-4). Calculate the greatest common divisor of p and 95.
19
Let g(s) = -s**2 - 11*s - 14. Let y be g(-8). Calculate the greatest common divisor of y and 50.
10
Let j(s) = -s**3 + 14*s**2 - 11*s + 6. Let c be j(11). Let h = 31 + 0. Calculate the greatest common factor of c and h.
31
Let i be -2*(22/(-4) - -2). Let s = -20 + 55. What is the greatest common factor of s and i?
7
Suppose 72 = 3*s + 5*m, -2*s - 2*m = -6*s + 70. Suppose 0 = -3*t + 44 + s. What is the highest common factor of 3 and t?
3
Let w(f) = -2*f**2 + 4*f**2 + 12*f + 7 - 3*f**2. Let u be w(9). Calculate the highest common divisor of u and 85.
17
Suppose 2*z = -2*k - 3*z - 21, 4*k - 3*z = 23. Let y be 2/(-4) - 29/(-2). Suppose -k*s + 0 + y = 0. What is the highest common divisor of 28 and s?
7
Let b(i) = -2*i - 6. Let q be b(-5). Let j be (2/3)/(q/294). Calculate the highest common divisor of 7 and j.
7
Suppose 56 = -13*m + 21*m. Let p = -8 - -43. What is the highest common divisor of p and m?
7
Let w = -207 + 405. Suppose -w = -h - 22. Calculate the highest common divisor of 16 and h.
16
Let k be ((-10)/6)/((-6)/144). Calculate the highest common factor of 10 and k.
10
Let h = -10 + 2. Let m be 1382/(-18) - h/(-36). Let v = -47 - m. Calculate the highest common divisor of 6 and v.
6
Suppose -35 = 2*g + 5*m, 5*g - g = -3*m - 63. Let l = g + 33. Let h be 15*3/l*8. Calculate the highest common factor of h and 50.
10
Suppose -2*x = 4*y + 5 + 9, 4*y + 11 = -3*x. Suppose 0 = j - x*j. Suppose j = 2*t - t - 55. Calculate the greatest common divisor of 11 and t.
11
Let q be 5*((-2)/(-5) - -2). What is the greatest common factor of q and 36?
12
Let a = 154 + -148. What is the greatest common divisor of 8 and a?
2
Suppose -3*u + 3*l + 36 = 2*l, 2*l + 12 = u. What is the greatest common divisor of u and 12?
12
Let r be -7 + -2 - (0 + -1). Let g = r + 13. Suppose -11 = -g*l + 3*f, 0 = l - f - 1. Calculate the highest common divisor of 12 and l.
4
Suppose 4*h - 48 + 4 = -4*q, -3*q + 15 = h. Suppose -w = -4*w + h. What is the highest common factor of 6 and w?
3
Let d(i) = 24*i - 12. Let q be d(5). What is the highest common divisor of q and 72?
36
Suppose y = 5*f + 33, 3*y - 53 = -5*f - 14. What is the highest common factor of 198 and y?
18
Let l = -2 + 11. What is the highest common factor of 45 and l?
9
Let j(s) = s**3 - 7*s**2 + 9*s. Let q be j(8). Calculate the greatest common divisor of q and 34.
34
Suppose 14 = -0*j + j. Let g be 4/(-14) + 4/j. Suppose g*a = a - 16. Calculate the greatest common divisor of 24 and a.
8
Let o = -294 - -510. Let p = 8 + -4. Suppose -p*i = -4*f - 108, 45 = -3*i + 5*i + f. What is the highest common factor of o and i?
24
Suppose 0 = z + 2*r - 4 - 5, 4*z - 30 = -2*r. Suppose -2*l + z*l = -25, 4*q - 47 = -5*l. Calculate the greatest common divisor of q and 2.
2
Let x be (3 - 0) + 33 + 0. Let p = x + -16. Suppose -l - p = -3*l. Calculate the greatest common factor of 110 and l.
10
Let x be (20/15)/(1/(-3)). Let k be (-8)/x + 2 + 0. Calculate the greatest common divisor of k and 1.
1
Suppose 5 = 4*m - 199. Let n(t) = t**3 + t**2 + t - 1. Let z be n(0). Let y be 5*((-87)/(-15) - z). Calculate the greatest common divisor of y and m.
17
Let w(r) = 0*r - 21*r - 54*r - 6*r. Let j be w(-1). Let c be (-10)/(-1) - 1 - 0. What is the greatest common divisor of j and c?
9
Let p(b) = b**2 + 8*b - 24. Let f be p(-12). Calculate the highest common factor of f and 24.
24
Let k(o) = -o + 12. Let v(q) = -2*q + 25. Let z(x) = -7*k(x) + 4*v(x). Let h be z(5). What is the greatest common factor of 121 and h?
11
Suppose u - 85 = -66. Calculate the greatest common factor of 19 and u.
19
Suppose -2*x + 39 = -5*o, -x - x + 9 = o. Let a = 13 - x. Calculate the greatest common divisor of 42 and a.
6
Let y = -213 - -453. Suppose 4*t - y = 3*t. Calculate the highest common factor of 30 and t.
30
Suppose 0 = u - 4 - 3. What is the greatest common factor of 77 and u?
7
Let m(r) = 2*r**3 - 5*r**2 - 2*r - 4. Let q be m(4). Let k = -16 - -34. What is the greatest common factor of q and k?
18
Let j = -17 - -38. Calculate the greatest common divisor of j and 3.
3
Suppose 2*o + 369 = -3*o - 3*t, 302 = -4*o + t. Let s = o + 108. What is the greatest common divisor of 11 and s?
11
Suppose -3*v = 43 - 151. Calculate the greatest common divisor of v and 90.
18
Suppose -4*a - 8 = -72. Calculate the highest common factor of a and 96.
16
Let k = 38 - -72. Let h(d) = -d**2 - 8*d + 10. Let v be h(-8). Calculate the highest common factor of k and v.
10
Let g be -2 + -24*(-4)/3. What is the highest common factor of g and 20?
10
Suppose 14*n - 55 = 9*n. Calculate the highest common factor of n and 121.
11
Let j(c) = 2*c**2 + 12*c - 6. Let s be j(-8). What is the greatest common factor of s and 91?
13
Let q = -8 - -16. Let m = -2 + q. Calculate the greatest common divisor of 6 and m.
6
Let h(l) be the second derivative of -l**5/20 - l**4/4 + 7*l**3/6 + l**2 - 3*l. Let g be h(-5). Calculate the highest common divisor of g and 153.
17
Let m(w) = -3 + 4*w**3 + w**2 + 0*w**3 - 5*w**3 - w + 3*w**2. Let d be m(3). Suppose 391 = d*l - 104. Calculate the highest common factor of l and 15.
15
Let t(q) = 2*q + 10. Let i(d) = -2*d - 10. Let g(y) = -2*i(y) - 3*t(y). Let n be g(-7). Let j be n - -2*(-2)/4. What is the greatest common factor of j and 1?
1
Let b = 41 - 24. Let y = -10 + b. Calculate the highest common factor of y and 7.
7
Suppose -2*t - 54 = -184. Suppose 0 = -3*w - 160 - t. Let m = -15 - w. What is the greatest common divisor of 20 and m?
20
Let o(l) = 2*l**2 + 2*l. Suppose -3*p = 5*j - 0*j - 11, -3*j + 21 = -3*p. Let i be o(p). Calculate the greatest common divisor of i and 18.
6
Suppose -w = 4*w - 115. Suppose 3*p - 27 = 2*q, -4*p + 31 = -5*q + 2. Let f = w - p. Calculate the highest common factor of 108 and f.
12
Suppose -2*n + 208 = 2*h - 18, -3*h + 2*n = -324. What is the greatest common divisor of h and 10?
10
Let f be 3/(9/12) - 2. Suppose 2*m = -f*m + 60. Calculate the greatest common factor of m and 10.
5
Suppose -3*a + 53 + 65 = 2*d, 0 = 3*d - 2*a - 164. Calculate the greatest common divisor of d and 8.
8
Suppose -2*q + 4*n = q + 50, -n + 53 = -3*q. Let l be q/14 - (-4)/14. Let x be (0 + l)*0 - -2. Calculate the highest common factor of x and 22.
2
Suppose -4*a + 4*m = -2*a + 14, -5*m + 7 = a. Let x be 33 - 0/a - -1. Let i = 11 + 40. Calculate the greatest common divisor of x and i.
17
Let r be ((-5)/20 - 0) + (-21)/(-4). Calculate the greatest common divisor of r and 20.
5
Let b(t) = 15*t - 6. Let p be -1 + -2 - -4 - -3. Let o be b(p). Calculate the highe